 4258005?
8
What is the ten thousands digit of 1925457?
2
What is the units digit of 11394510?
0
What is the ten thousands digit of 2869825?
6
What is the millions digit of 1357984?
1
What is the tens digit of 14812960?
6
What is the tens digit of 1976614?
1
What is the ten millions digit of 25668430?
2
What is the ten thousands digit of 73114?
7
What is the units digit of 764042?
2
What is the units digit of 16584168?
8
What is the ten thousands digit of 67013?
6
What is the thousands digit of 869176?
9
What is the hundred thousands digit of 2288357?
2
What is the hundred thousands digit of 1515478?
5
What is the tens digit of 126822?
2
What is the millions digit of 5014087?
5
What is the millions digit of 1637323?
1
What is the units digit of 2522081?
1
What is the thousands digit of 82924?
2
What is the hundreds digit of 8254624?
6
What is the thousands digit of 1790863?
0
What is the thousands digit of 298788?
8
What is the millions digit of 11341265?
1
What is the hundreds digit of 814?
8
What is the tens digit of 110669?
6
What is the hundreds digit of 1902709?
7
What is the tens digit of 1136818?
1
What is the hundreds digit of 341181?
1
What is the hundred thousands digit of 5924477?
9
What is the tens digit of 409045?
4
What is the millions digit of 3464592?
3
What is the millions digit of 2258903?
2
What is the thousands digit of 57195?
7
What is the thousands digit of 65367?
5
What is the ten thousands digit of 165036?
6
What is the ten thousands digit of 5406610?
0
What is the ten thousands digit of 454234?
5
What is the ten thousands digit of 714696?
1
What is the tens digit of 9175172?
7
What is the hundred thousands digit of 944305?
9
What is the ten thousands digit of 9547522?
4
What is the millions digit of 7804469?
7
What is the ten millions digit of 32830674?
3
What is the thousands digit of 1253415?
3
What is the tens digit of 93944?
4
What is the hundreds digit of 1688219?
2
What is the units digit of 2506304?
4
What is the thousands digit of 1797428?
7
What is the ten thousands digit of 3136581?
3
What is the units digit of 15551363?
3
What is the tens digit of 246330?
3
What is the hundred thousands digit of 111059?
1
What is the ten millions digit of 13848689?
1
What is the millions digit of 1572599?
1
What is the hundreds digit of 6185894?
8
What is the ten thousands digit of 2772446?
7
What is the hundred thousands digit of 1270831?
2
What is the units digit of 11234?
4
What is the hundred thousands digit of 139708?
1
What is the tens digit of 5284294?
9
What is the hundreds digit of 871400?
4
What is the hundreds digit of 1765630?
6
What is the tens digit of 404439?
3
What is the units digit of 4767040?
0
What is the units digit of 8929653?
3
What is the hundred thousands digit of 3797749?
7
What is the ten thousands digit of 113865?
1
What is the thousands digit of 188265?
8
What is the thousands digit of 3428513?
8
What is the thousands digit of 33873?
3
What is the ten thousands digit of 122319?
2
What is the ten thousands digit of 1070262?
7
What is the millions digit of 10207361?
0
What is the tens digit of 570006?
0
What is the tens digit of 5348892?
9
What is the millions digit of 4263341?
4
What is the hundred thousands digit of 189430?
1
What is the millions digit of 3164539?
3
What is the thousands digit of 77414?
7
What is the tens digit of 157106?
0
What is the units digit of 393232?
2
What is the units digit of 926397?
7
What is the thousands digit of 281749?
1
What is the hundreds digit of 942160?
1
What is the tens digit of 1415256?
5
What is the hundred thousands digit of 34126484?
1
What is the tens digit of 324242?
4
What is the hundred thousands digit of 1803751?
8
What is the tens digit of 10581217?
1
What is the tens digit of 155860?
6
What is the millions digit of 18260943?
8
What is the tens digit of 244287?
8
What is the units digit of 969385?
5
What is the hundred thousands digit of 1437248?
4
What is the units digit of 36190693?
3
What is the tens digit of 141?
4
What is the tens digit of 171494?
9
What is the thousands digit of 851350?
1
What is the units digit of 1440557?
7
What is the hundred thousands digit of 13609127?
6
What is the thousands digit of 678121?
8
What is the hundreds digit of 3973205?
2
What is the tens digit of 2493799?
9
What is the units digit of 499383?
3
What is the hundreds digit of 439194?
1
What is the hundreds digit of 658689?
6
What is the hundreds digit of 25134830?
8
What is the thousands digit of 139547?
9
What is the ten thousands digit of 1513093?
1
What is the millions digit of 40334464?
0
What is the units digit of 114757?
7
What is the millions digit of 2278357?
2
What is the units digit of 1103383?
3
What is the tens digit of 203572?
7
What is the hundred thousands digit of 4283970?
2
What is the thousands digit of 10257525?
7
What is the tens digit of 170307?
0
What is the units digit of 63222?
2
What is the hundreds digit of 15730159?
1
What is the ten millions digit of 11692484?
1
What is the hundreds digit of 7440749?
7
What is the ten thousands digit of 354000?
5
What is the tens digit of 14148531?
3
What is the hundreds digit of 533881?
8
What is the millions digit of 14914260?
4
What is the hundreds digit of 14244624?
6
What is the tens digit of 5891443?
4
What is the thousands digit of 149156?
9
What is the ten thousands digit of 58103?
5
What is the hundreds digit of 53290?
2
What is the hundreds digit of 2354050?
0
What is the tens digit of 16865635?
3
What is the units digit of 23024?
4
What is the units digit of 12818817?
7
What is the units digit of 1128730?
0
What is the hundred thousands digit of 5750581?
7
What is the units digit of 1759240?
0
What is the thousands digit of 5917181?
7
What is the ten thousands digit of 339021?
3
What is the ten thousands digit of 275769?
7
What is the ten thousands digit of 727671?
2
What is the units digit of 3885006?
6
What is the ten thousands digit of 5214036?
1
What is the units digit of 286437?
7
What is the ten thousands digit of 26623331?
2
What is the hundreds digit of 345158?
1
What is the ten thousands digit of 4848151?
4
What is the tens digit of 4786746?
4
What is the units digit of 621674?
4
What is the units digit of 150032?
2
What is the hundred thousands digit of 323018?
3
What is the thousands digit of 168515?
8
What is the hundreds digit of 1058?
0
What is the tens digit of 1456186?
8
What is the units digit of 11211178?
8
What is the units digit of 4044142?
2
What is the hundreds digit of 1155383?
3
What is the units digit of 2498032?
2
What is the tens digit of 20136559?
5
What is the hundred thousands digit of 11781070?
7
What is the tens digit of 647382?
8
What is the ten thousands digit of 192786?
9
What is the thousands digit of 24868990?
8
What is the millions digit of 3131084?
3
What is the ten thousands digit of 478872?
7
What is the units digit of 4759?
9
What is the ten thousands digit of 387300?
8
What is the ten thousands digit of 5844604?
4
What is the hundred thousands digit of 1911494?
9
What is the tens digit of 130798?
9
What is the tens digit of 15357191?
9
What is the thousands digit of 12291443?
1
What is the thousands digit of 22640681?
0
What is the hundreds digit of 8460141?
1
What is the tens digit of 1172258?
5
What is the thousands digit of 7343991?
3
What is the thousands digit of 1749148?
9
What is the hundred thousands digit of 2280015?
2
What is the ten thousands digit of 5682771?
8
What is the units digit of 335623?
3
What is the hundred thousands digit of 1138734?
1
What is the hundreds digit of 177?
1
What is the units digit of 201258?
8
What is the hundreds digit of 582038?
0
What is the millions digit of 2451251?
2
What is the tens digit of 18575?
7
What is the units digit of 8359542?
2
What is the ten thousands digit of 27183935?
8
What is the hundred thousands digit of 28262668?
2
What is the thousands digit of 218945?
8
What is the thousands digit of 1758279?
8
What is the thousands digit of 426230?
6
What is the hundred thousands digit of 1566802?
5
What is the units digit of 26904585?
5
What is the thousands digit of 735016?
5
What is the hundred thousands digit of 401950?
4
What is the hundreds digit of 11884?
8
What is the millions digit 